10). Suppose 3 = -0*o + s*o. Let k(f) = -3 - o - f - 3*f. What is k(-3)?
8
Let z(o) = o - 4. Let g be (4/5)/(6/45). Let p be z(g). Let r(k) = -2*k**2 - 4*k + 11*k + 6 + 3*k**p. Calculate r(-4).
-6
Let j = -20 + 20. Let k(o) = o + 1 + j*o + 2*o. Determine k(-2).
-5
Let r(a) be the third derivative of -a**5/60 + 5*a**4/12 - 2*a**3 + 7*a**2. What is r(8)?
4
Let v(f) = -3*f + 1. Let w(g) = 4*g + 3*g**2 + 2*g**2 - 4*g**2. Let o be w(-3). Let i = 0 - o. Give v(i).
-8
Let v(b) = 4*b**2 - 4*b + 27. Let q(x) = 3*x**2 - 3*x + 18. Let w(j) = -7*q(j) + 5*v(j). Let y(c) = 2*c - 6. Let m be y(4). Let u = -2 + m. Give w(u).
9
Let u be 1*(0 - (-1 + -2)). Suppose -5*j = -y - 5, 5*j = -u*y - 2*y + 35. Let c(o) be the third derivative of o**5/60 - o**4/24 - o**3/6 + o**2. Determine c(j).
1
Let i(j) = -3*j - 9. Let k(w) = -7*w - 18. Let c(q) = 5*i(q) - 2*k(q). Calculate c(0).
-9
Let o(n) = 4*n**2 + 5*n + 7. Let k(i) = -8*i**2 - 9*i - 13. Let q(v) = -6*k(v) - 11*o(v). Determine q(1).
4
Let o(j) = j**2 + 3*j - 6. Let q be o(-5). Let y(r) = r**2 - 2*r**2 + 2*r + r**3 + r - 5 - q*r. What is y(0)?
-5
Let p(w) be the second derivative of w**7/1260 + w**6/144 + w**5/30 - w**4/4 - 3*w. Let o(m) be the third derivative of p(m). What is o(-3)?
7
Let t(r) = -r**3 - 6*r**2 + 5*r - 10. Let n = 17 - 24. What is t(n)?
4
Let s(t) be the first derivative of -t**2/2 + 1. Let v be (-8)/24 + 34/(-6). Calculate s(v).
6
Suppose 0 = 3*i + 7 - 1. Let p(s) be the third derivative of s**6/120 + s**5/20 + s**4/12 + s**3/6 - 6*s**2. Determine p(i).
1
Let i(a) = a + 2. Let d(k) be the first derivative of -3*k**2 - 10*k + 1. Let g(s) = -2*d(s) - 11*i(s). What is g(2)?
0
Let v be (-2 - -1)*(4 + -7). Let x(t) be the third derivative of t**5/60 - t**4/24 + t**3/3 - t**2. Determine x(v).
8
Suppose 3*i + 2 = -4. Let o(n) be the second derivative of -n**5/20 + n**3/2 + n**2 - 2*n. Give o(i).
4
Let z(b) = -3*b + 6. Let i(s) = -s**3 + 9*s**2 + 12*s - 15. Let m be i(10). What is z(m)?
-9
Let h(w) = 2*w**2 - 3*w**2 - w - 13 - w + 7. Give h(-4).
-14
Let h(l) = l**3 - 5*l**2 + 2*l - 5. Suppose 0 = 5*d + 25, 0 = -2*u + 3*d + 3 - 2. Let j be (6 - -2) + 4 + u. Calculate h(j).
5
Let i(g) = 3*g + 3. Let a be i(1). Let o(y) be the second derivative of y**3/6 - 11*y**2/2 + y. Determine o(a).
-5
Let a(g) = -g**3 - 4*g**2 + 3. Let v = 13 + -9. Let k = -6 + v. Let l = k - 2. What is a(l)?
3
Suppose -3*r = 4 - 16. Let w(h) = 9 + 13*h + 9*h + 4*h - 27*h. Give w(r).
5
Let u(m) = 11*m**2 - 3*m - 3. Let a(z) = z**2 + z + 1. Let o(c) = -2*a(c) - u(c). Suppose 11*b + 6 = -5. Calculate o(b).
-13
Let i(a) = a**2 - 6*a + 4. Suppose 9*d + 30 = 14*d. What is i(d)?
4
Let g(m) = -9*m - 1. Suppose 0 = -b + 4 - 3. Let k be 1/(b + (-1 - 1)). Calculate g(k).
8
Let b(d) be the second derivative of -d**7/2520 - d**6/180 + d**5/30 + d**4/6 + 3*d. Let o(w) be the third derivative of b(w). Give o(-4).
4
Suppose 0 = -3*v - 2*x - 12, 2*v - x = -2*v - 16. Let k(z) = z**3 + 5*z**2 + 5*z + 4. Give k(v).
0
Let b(q) = q**2 + 2*q - 1. Let y(l) = l**3 - 8*l**2 - 10*l + 6. Let d be y(9). Let k = d + 0. What is b(k)?
2
Let r = -6 - -10. Let j(h) = -h**3 + 3*h**2 + 5*h - 6. Calculate j(r).
-2
Let p(z) be the second derivative of z**6/360 - z**5/60 - z**4/12 - 5*z. Let t(d) be the third derivative of p(d). Give t(5).
8
Let f(v) = -3*v**2 + 0 + 2 - 1 + 2*v**2. Let h(b) = b**3 + 4*b**2 - 6*b - 3. Let g be h(-5). Determine f(g).
-3
Suppose -4*r - 13 = -3*n, 4*r + 12 = 4*n - 4. Let x(c) = 2 + 3*c + 4*c**2 - 5*c**2 + 3*c**2 - c**n. Let h be (-4)/(-14) + (-19)/(-7). Determine x(h).
2
Let r be (9/(-12))/(1/(-4)). Let t be 2 - (1 - 3 - -2). Let i(g) = 6 - 13*g**t - r + 14*g**2 + 5 - g. Give i(0).
8
Let i(u) be the second derivative of -u**3/6 - u**2 + u. Determine i(0).
-2
Let z(y) = 8*y**2 - 1 + 34*y**3 - 33*y**3 + 4 + 9*y. What is z(-7)?
-11
Let a(r) = -r - 5. Let t be a(-10). Suppose 0*g = 5*v + 4*g + t, g = 4*v - 17. Suppose v = -x - 3. Let j(h) = h**3 + 5*h**2 - 7*h. Determine j(x).
6
Let w(h) = -3 + 1 - h - 2 - 2. Let x(i) = 1. Let t(n) = -w(n) - 3*x(n). What is t(-5)?
-2
Let n be 1 + 11/1*-1. Let k be (1/(-2))/(5/n). Let r(v) = 2*v - 2*v - v**2. Calculate r(k).
-1
Let p(a) be the second derivative of -a**4/12 - 2*a**3 - 7*a**2 + 52*a. Calculate p(-10).
6
Let u(s) = -s**3 - 4*s**2 - 2*s + 2. Suppose 0 = -4*h - 17 - 3. Let t be h/15 - (-16)/(-6). Let n be u(t). Let k(o) = -2*o**2 - 2*o - 1. Give k(n).
-1
Let q(w) be the first derivative of -w**2 - 2. Let s = -14 + 11. Determine q(s).
6
Let f(l) = 7*l**2 - l - 1. Suppose 0 = -p - 9 + 8. Calculate f(p).
7
Let t(u) = u**3 - 5*u**2 - 7*u + 7. Let h(y) = y**2 + y + 1. Let l be h(4). Let v be -21*6/l*-1. Calculate t(v).
1
Suppose 9*r - 14*r = 5. Let m(j) = -4*j**2 + 1. What is m(r)?
-3
Let h(f) be the second derivative of f**4/12 + 5*f**3/6 + f**2 + 4*f. Let y be h(-4). Let x(w) = -w**3 - w**2 - 2. Give x(y).
2
Let f = 10 - 7. Let p(w) = 5*w - 1. Let x(v) = 3 - 4*v - 6*v - v + 0. Let i(z) = -13*p(z) - 6*x(z). Determine i(f).
-2
Let r be ((-128)/(-48))/(-2*(-2)/6). Let g(w) be the third derivative of -1/24*w**r - w**2 + 2/3*w**3 + 0 + 0*w. Determine g(6).
-2
Suppose -6*l - 5 - 7 = 0. Let i(h) = 13*h + 3. Give i(l).
-23
Let u(b) = b**2 - b - 4. Let i(p) = -p - 10. Let z be i(-13). Calculate u(z).
2
Let i(d) be the first derivative of 5 + 1/4*d**4 - 5/3*d**3 + 1/2*d**2 - 4*d. What is i(5)?
1
Let j(u) = -u**2 - 8*u - 5. Let c be j(-6). Let i(s) = -s**2 + 4 + 0 - 5*s + c*s**2 - s**3. Suppose 3 + 2 = r. What is i(r)?
4
Let l(m) be the second derivative of m**2 + m + 1/6*m**3 + 0. Let w(t) = -t**2 + 5*t + 6. Let c be w(6). Calculate l(c).
2
Let y = 193 - 189. Let k(o) be the first derivative of -o**3/3 + o**2 + 2*o + 1. Calculate k(y).
-6
Let m(b) = b**3 + 5*b**2 - b - 7. Suppose -60 = -7*n + 3*n. Suppose 0*j + n = -3*j. What is m(j)?
-2
Let y(z) = z**3 - 6*z**2 + 7*z - 4. Suppose -5*f + 8 = -12. Determine y(f).
-8
Let j be 1 - (-7)/(21/12). Let v(d) = -6 + 3 + d + j. Let i be v(-5). Let k(z) = z**3 + 3*z**2 + 4*z + 3. Calculate k(i).
-9
Let v(i) = 4 - 5*i + 3 - i. Let t(g) be the first derivative of -13*g**2/2 + 15*g + 3. Let n(q) = -4*t(q) + 9*v(q). What is n(4)?
-5
Let t(b) be the third derivative of -b**8/1344 + b**6/360 - b**5/120 + b**4/24 + b**2. Let m(o) be the second derivative of t(o). Determine m(1).
-4
Suppose 9*m - 12*m = 0. Let a(h) = -h**3 + h**2 + h - 8. Determine a(m).
-8
Let j(m) = 6*m - 2 - 4*m + 2*m. What is j(-2)?
-10
Let f = 16 + -15. Let d(a) = -11*a - 1. Calculate d(f).
-12
Let i(m) be the second derivative of m**3/6 - 5*m**2/2 - m. Suppose 0 = -6*d + 2*d + 12. Let f(u) = -2*u + 6. Let h(b) = d*i(b) + 2*f(b). What is h(5)?
-8
Let j(q) = q**3 + 4*q**2 + 1. Suppose 6*d = -4*d - 50. Determine j(d).
-24
Let b = -56 - -63. Let o(s) = -s**3 + 8*s**2 - 5*s - 6. What is o(b)?
8
Let v(q) = -q**3 - 7*q**2 + q + 6. Suppose 0 = -2*c + 4*i + 6, 27 + 26 = -4*c - 5*i. Determine v(c).
-1
Let y(q) = -q + 1. Let v be y(1). Let m = 0 + v. Let z(r) = 4*r**2 - r + 1. Let d(s) = -5*s**2 + s - 2. Let c(w) = 5*d(w) + 6*z(w). What is c(m)?
-4
Let w(r) = 2*r**3 + r. Let y(f) = f**2 + 3*f - 9. Let i be (-148)/28 - (-2)/7. Let t be y(i). Give w(t).
3
Suppose -3*w + 9 = 0, -4*w + 21 = -p + 2*p. Let q(t) = t**2 - 9*t - 4. Give q(p).
-4
Let w(d) = -d**2 - 6*d - 6. Let o(l) = -l**2 + 6*l + 1. Let t be o(7). Let u = t - -8. Suppose 0 = -u*r - 2*p - 6, p - 21 = 5*r - 0*p. Determine w(r).
2
Suppose -x - 4*c - c = 23, c - 3 = -4*x. Let j(f) be the first derivative of -2 - 2*f**x + 1/3*f**3 + f. Determine j(2).
-3
Let s be (1 + 3 + -3)*12. Let k be (1 + -3)/(s/(-30)). Suppose -2*z + z = k. Let a(j) = j**2 + 4*j + 1. Calculate a(z).
6
Let p(u) = u**2 - 8*u + 3. Let m = 15 + -8. Determine p(m).
-4
Let p(d) = 0*d + 0*d - d - 7. Let n = -9 + 13. Suppose -7*u - 12 = -n*u. Calculate p(u).
-3
Let k(y) = -y - 1. Let c be k(-2). Let h(x) = -x + c + 0 - 3*x + x**3 + 3*x**2. Determine h(-4).
1
Let r = 0 + 6. Suppose 2*j + 0 - r = 0. Suppose 0 = 3*x + j - 9. Let y(d) = -2*d**3 + 4*d**2 - 2*d. Calculate y(x).
-4
Let r(u) = 28*u**2 - 21*u**2 - 7 + 0*u**3 - 2*u + u**3 - 8*u. What is r(-8)?
9
Suppose 3*w = -4*b - 14, -4*b + w = -w + 24. Let r = -6 - b. Let v(l) = -4*l**3 + l. What is v(r)?
3
Suppose 0 = -0*k + 3*k - 3. Let y(a) = -2*a**2 